{"id":205,"date":"2017-10-31T21:44:45","date_gmt":"2017-10-31T21:44:45","guid":{"rendered":"https:\/\/www.amperj.org.br\/intranet\/?page_id=2"},"modified":"2018-06-20T15:54:12","modified_gmt":"2018-06-20T18:54:12","slug":"home","status":"publish","type":"page","link":"https:\/\/amperj.org.br\/intranet\/","title":{"rendered":"Home"},"content":{"rendered":"<div class=\"promsurance-internal-area\">\r\n<div class=\"container\">\r\n<div class=\"row\">\r\n<div class=\"col-md-12\">\t\n\t<link rel=\"stylesheet\" href=\"https:\/\/amperj.org.br\/intranet\/wp-content\/plugins\/amperj-slider\/nivoslider\/nivo-slider.css\" type=\"text\/css\">\n\t<link rel=\"stylesheet\" href=\"https:\/\/amperj.org.br\/intranet\/wp-content\/plugins\/amperj-slider\/nivoslider\/public.css\" type=\"text\/css\">\n\t<link rel=\"stylesheet\" href=\"https:\/\/amperj.org.br\/intranet\/wp-content\/plugins\/amperj-slider\/nivoslider\/themes\/default\/default.css?ver=3.5.2\" type=\"text\/css\" media=\"all\" property=\"stylesheet\">\n\t<script src=\"https:\/\/amperj.org.br\/intranet\/wp-content\/plugins\/amperj-slider\/nivoslider\/jquery.nivo.slider.pack.js\" \/><\/script>\n\t\n\t<div style=\"max-width: 1140px;\" class=\"metaslider metaslider-nivo metaslider-266 ml-slider\">\n    \n\t<style>\n\t\t#metaslider_container_8184 {\n\t\t\twidth: 100%; \n\t\t\theight: 456px;\n\t\t}\n\t\t#slider_8184 {\n\t\t\twidth: 100%; \n\t\t\theight: 456px;\n\t\t}\n\n\t\t@media only screen and (max-width: 800px) {\n\t\t\t#metaslider_container_8184 {\n\t\t\t\theight: auto;\n\t\t\t}\n\t\t\t#slider_8184 {\n\t\t\t\theight: auto;\n\t\t\t}\n\t\t}\n\t<\/style>\n\n    <div id=\"metaslider_container_8184\">\n        <div class=\"slider-wrapper theme-default\">\n            <div class=\"ribbon\"><\/div>\n\t\t\t<div id=\"slider_8184\" class=\"nivoSlider\">\n\t\t\t\t<a href=\"https:\/\/www.amperj.org\/amperj-convida\/\" target=\"_self\"><img decoding=\"async\" src=\"https:\/\/storage.googleapis.com\/wp-amperj\/sites\/2\/2024\/10\/WhatsApp-Image-2024-10-02-at-15.55.26.jpeg\" alt=\"\"  data-title=\"Amperj Convida<br \/><small>Podcast<\/small>\" width=\"1140\" height=\"456\" \/><\/a><a href=\"https:\/\/www.amperj.org\/intranet\/2018\/06\/20\/associacao-lanca-aplicativo-para-celulares-com-sistemas-ios-e-android\/\" target=\"_self\"><img decoding=\"async\" src=\"https:\/\/storage.googleapis.com\/wp-amperj\/sites\/2\/2021\/01\/Salve_o_n\u00famero_21_98889-7060_como_um_novo_contato_e_mande_uma_mensagem_com_o_seu_nome_para_receber_informa\u00e7\u00f5es_e_not\u00edcias_no_canal_de_comunica\u00e7\u00e3o_mais_r\u00e1pido_da_Amperj.png\" alt=\"\"  data-title=\"Aplicativo AMPERJ<br \/><small>Fa\u00e7a o download na App Store ou na Google Play<\/small>\" width=\"1140\" height=\"456\" \/><\/a><a href=\"https:\/\/api.whatsapp.com\/send?1=pt_BR&phone=5521988897060\" target=\"_self\"><img decoding=\"async\" src=\"https:\/\/storage.googleapis.com\/wp-amperj\/sites\/2\/2021\/01\/1.png\" alt=\"\"  data-title=\"WhatsApp \u00e9 novo canal de comunica\u00e7\u00e3o da Amperj<br \/><small>Solicite o recebimento de mat\u00e9rias e informativos atrav\u00e9s do aplicativo<\/small>\" width=\"1140\" height=\"456\" \/><\/a>  \n\t\t\t<\/div> \n\t\t<\/div>\n\t<\/div>\n\n\t<script type=\"text\/javascript\">\n        var slider8184 = function(jQuery) {\n            jQuery('#slider_8184').nivoSlider({ \n                boxCols:7,\n                boxRows:5,\n                pauseTime:7000,\n                effect:\"fade\",\n                controlNav:true,\n                directionNav:true,\n                pauseOnHover:true,\n                animSpeed:600,\n                prevText:\"&lt;\",\n                nextText:\"&gt;\",\n                slices:15,\n                manualAdvance:false\n            });\n        };\n        var timer_slider8184 = function() {\n            var slider = !window.jQuery ? window.setTimeout(timer_slider8184, 100) : !jQuery.isReady ? window.setTimeout(timer_slider8184, 1) : slider8184(window.jQuery);\n        };\n        timer_slider8184();\n    <\/script>\n\n\t<\/div>\r\n<div><\/div>\r\n<\/div>\r\n<\/div>\r\n<\/div>\r\n<div class=\"titulo\" style=\"margin-top: 30px;\">\r\n<h1>Servi\u00e7os<\/h1>\r\n<\/div>\r\n<div class=\"row\">\r\n<div class=\"amperj-card-item col-md-2 col-md-offset-1\">\r\n\r\n<a href=\"https:\/\/www.amperj.org\/intranet\/servico\/assessoria-juridica\/\">\r\n<img decoding=\"async\" class=\"amperj-card-item-image\" src=\"\/amperjteste\/wp-content\/themes\/INTRANET\/assets\/images\/servico-assessoria-juridica.png\" \/><\/a>\r\n<h5 class=\"amperj-card-item-title\">Assessoria Jur\u00eddica<\/h5>\r\n<\/div>\r\n&nbsp;\r\n<div class=\"amperj-card-item col-md-2\">\r\n\r\n<a href=\"https:\/\/www.amperj.org\/intranet\/servico\/classificados\/\"><img decoding=\"async\" class=\"amperj-card-item-image\" src=\"\/amperjteste\/wp-content\/themes\/INTRANET\/assets\/images\/servico-classificados.png\" \/><\/a>\r\n<h5 class=\"amperj-card-item-title\">Classificados<\/h5>\r\n<\/div>\r\n&nbsp;\r\n<div class=\"amperj-card-item col-md-2\">\r\n\r\n<a href=\"https:\/\/www.amperj.org\/intranet\/servico\/apoio-aos-associados\/\">\r\n<img decoding=\"async\" class=\"amperj-card-item-image\" src=\"\/amperjteste\/wp-content\/themes\/INTRANET\/assets\/images\/servico-apoio-associados.png\" \/><\/a>\r\n<h5 class=\"amperj-card-item-title\">Apoio aos Associados<\/h5>\r\n<\/div>\r\n&nbsp;\r\n<div class=\"amperj-card-item col-md-2\">\r\n\r\n<a href=\"https:\/\/www.amperj.org\/intranet\/servico\/atendimento-odontologico\/\">\r\n<img decoding=\"async\" class=\"amperj-card-item-image\" src=\"\/amperjteste\/wp-content\/themes\/INTRANET\/assets\/images\/servico-atendimento-odontologico.png\" \/><\/a>\r\n<h5 class=\"amperj-card-item-title\">Atendimento Odontol\u00f3gico<\/h5>\r\n<\/div>\r\n&nbsp;\r\n<div class=\"amperj-card-item col-md-2\">\r\n\r\n<a href=\"https:\/\/www.amperj.org\/intranet\/servico\/restaurante-da-amperj\/\">\r\n<img decoding=\"async\" class=\"amperj-card-item-image\" src=\"\/amperjteste\/wp-content\/themes\/INTRANET\/assets\/images\/servico-restaurante.png\" \/><\/a>\r\n<h5 class=\"amperj-card-item-title\">Restaurante<\/h5>\r\n<\/div>\r\n&nbsp;\r\n\r\n<\/div><div class=\"gsp_post_data\" data-post_type=\"page\" data-cat=\"\" data-modified=\"120\" data-title=\"Home\" data-home=\"https:\/\/amperj.org.br\/intranet\"><\/div>","protected":false},"excerpt":{"rendered":"","protected":false},"author":1,"featured_media":0,"parent":0,"menu_order":0,"comment_status":"closed","ping_status":"open","template":"home.php","meta":{"_acf_changed":false,"footnotes":""},"class_list":["post-205","page","type-page","status-publish","hentry","no-wpautop"],"better_featured_image":null,"acf":{"conteudo_mobile":""},"content_details":{"rendered":""},"_links":{"self":[{"href":"https:\/\/amperj.org.br\/intranet\/wp-json\/wp\/v2\/pages\/205","targetHints":{"allow":["GET"]}}],"collection":[{"href":"https:\/\/amperj.org.br\/intranet\/wp-json\/wp\/v2\/pages"}],"about":[{"href":"https:\/\/amperj.org.br\/intranet\/wp-json\/wp\/v2\/types\/page"}],"author":[{"embeddable":true,"href":"https:\/\/amperj.org.br\/intranet\/wp-json\/wp\/v2\/users\/1"}],"replies":[{"embeddable":true,"href":"https:\/\/amperj.org.br\/intranet\/wp-json\/wp\/v2\/comments?post=205"}],"version-history":[{"count":12,"href":"https:\/\/amperj.org.br\/intranet\/wp-json\/wp\/v2\/pages\/205\/revisions"}],"predecessor-version":[{"id":5691,"href":"https:\/\/amperj.org.br\/intranet\/wp-json\/wp\/v2\/pages\/205\/revisions\/5691"}],"wp:attachment":[{"href":"https:\/\/amperj.org.br\/intranet\/wp-json\/wp\/v2\/media?parent=205"}],"curies":[{"name":"wp","href":"https:\/\/api.w.org\/{rel}","templated":true}]}}