{"id":178,"date":"2017-11-08T15:55:55","date_gmt":"2017-11-08T15:55:55","guid":{"rendered":"https:\/\/www.amperj.org.br\/intranet\/login\/"},"modified":"2019-05-27T19:13:25","modified_gmt":"2019-05-27T22:13:25","slug":"login","status":"publish","type":"page","link":"https:\/\/amperj.org.br\/intranet\/login\/","title":{"rendered":"Login"},"content":{"rendered":"<div class=\"titulo\">\n<h1>\u00c1rea privativa dos associados da AMPERJ <\/h1>\n<\/p><\/div>\nLogin\n\n<div id=\"divLogin\" class=\"row\">\n\t<div class=\"col-md-offset-4 col-md-4 col-xs-12\">\n\t\t<div class=\"tml tml-login\" id=\"theme-my-login1\">\n\n\t\t\t\t\t\t\t\t\t<form name=\"loginform\" id=\"loginform1\" action=\"https:\/\/amperj.org.br\/intranet\/login\/\" method=\"post\">\n\t\t\t\t<div class=\"row tml-user-login-wrap\">\n\t\t\t\t\t<div class=\"col-md-3 col-xs-4\">\n\t\t\t\t\t\t<label for=\"user_login1\">CPF:<\/label>\n\t\t\t\t\t<\/div>\n\t\t\t\t\t<div class=\"col-md-8 col-xs-8\">\n\t\t\t\t\t\t<input type=\"text\" name=\"log\" id=\"user_login1\" class=\"input cpf\" value=\"\" size=\"20\" \/>\n\t\t\t\t\t<\/div>\n\t\t\t\t\t<div class=\"col-md-3 col-xs-4\">\n\t\t\t\t\t\t<label for=\"user_pass1\">Senha:<\/label>\n\t\t\t\t\t<\/div>\n\t\t\t\t\t<div class=\"col-md-8 col-xs-8\">\n\t\t\t\t\t\t<input type=\"password\" name=\"pwd\" id=\"user_pass1\" class=\"input\" value=\"\" size=\"20\" autocomplete=\"off\" \/>\n\t\t\t\t\t<\/div>\n\t\t\t\t\t<div class=\"col-md-12 col-xs-12 text-center\">\n\t\t\t\t\t\t<ul class=\"tml-action-links\">\n<li><strong>Esqueceu sua senha?<a href=\"https:\/\/amperj.org.br\/intranet\/lostpassword\/\" rel=\"nofollow\" style=\"display: inline\"> Clique aqui<\/a><\/strong><\/li>\n<\/ul>\n\t\t\t\t\t<\/div>\n\t\t\t\t<\/div>\n\n\t\t\t\t\t\t\t\t<style type=\"text\/css\" media=\"screen\">\n\t\t\t\t\t.login-action-login #loginform,\n\t\t\t\t\t.login-action-lostpassword #lostpasswordform,\n\t\t\t\t\t.login-action-register #registerform {\n\t\t\t\t\t\twidth: 302px !important;\n\t\t\t\t\t}\n\t\t\t\t\t#login_error,\n\t\t\t\t\t.message {\n\t\t\t\t\t\twidth: 322px !important;\n\t\t\t\t\t}\n\t\t\t\t\t.login-action-login #loginform .gglcptch,\n\t\t\t\t\t.login-action-lostpassword #lostpasswordform .gglcptch,\n\t\t\t\t\t.login-action-register #registerform .gglcptch {\n\t\t\t\t\t\tmargin-bottom: 10px;\n\t\t\t\t\t}\n\t\t\t\t<\/style>\n\t\t\t\t<div class=\"gglcptch gglcptch_v2\"><div id=\"gglcptch_recaptcha_1016801649\" class=\"gglcptch_recaptcha\"><\/div>\n\t\t\t\t<noscript>\n\t\t\t\t\t<div style=\"width: 302px;\">\n\t\t\t\t\t\t<div style=\"width: 302px; height: 422px; position: relative;\">\n\t\t\t\t\t\t\t<div style=\"width: 302px; height: 422px; position: absolute;\">\n\t\t\t\t\t\t\t\t<iframe src=\"https:\/\/www.google.com\/recaptcha\/api\/fallback?k=6LelY3UsAAAAAPB4IpMAA6JXGQFTZiUj5nHKBCTR\" frameborder=\"0\" scrolling=\"no\" style=\"width: 302px; height:422px; border-style: none;\"><\/iframe>\n\t\t\t\t\t\t\t<\/div>\n\t\t\t\t\t\t<\/div>\n\t\t\t\t\t\t<div style=\"border-style: none; bottom: 12px; left: 25px; margin: 0px; padding: 0px; right: 25px; background: #f9f9f9; border: 1px solid #c1c1c1; border-radius: 3px; height: 60px; width: 300px;\">\n\t\t\t\t\t\t\t<input type=\"hidden\" id=\"g-recaptcha-response\" name=\"g-recaptcha-response\" class=\"g-recaptcha-response\" style=\"width: 250px !important; height: 40px !important; border: 1px solid #c1c1c1 !important; margin: 10px 25px !important; padding: 0px !important; resize: none !important;\">\n\t\t\t\t\t\t<\/div>\n\t\t\t\t\t<\/div>\n\t\t\t\t<\/noscript><\/div>\t\t\t\t\n\t\t\t\t<div class=\"tml-rememberme-submit-wrap\">\n\t\t\t\t\t<p class=\"tml-submit-wrap\">\n\t\t\t\t\t\t<input type=\"submit\" name=\"wp-submit\" id=\"wp-submit1\" value=\"Entrar\" \/>\n\t\t\t\t\t\t<input type=\"hidden\" name=\"redirect_to\" value=\"https:\/\/amperj.org.br\/intranet\/wp-admin\/\" \/>\n\t\t\t\t\t\t<input type=\"hidden\" name=\"instance\" value=\"1\" \/>\n\t\t\t\t\t\t<input type=\"hidden\" name=\"action\" value=\"login\" \/>\n\t\t\t\t\t<\/p>\n\t\t\t\t<\/div>\n\t\t\t\t<div class=\"tml-rememberme-submit-wrap\">\n\t\t\t\t\t<p class=\"tml-rememberme-wrap\">\n\t\t\t\t\t\t<input name=\"rememberme\" type=\"checkbox\" id=\"rememberme1\" value=\"forever\" \/>\n\t\t\t\t\t\t<label for=\"rememberme1\">Lembrar-me<\/label>\n\t\t\t\t\t<\/p>\n\t\t\t\t<\/div>\n\t\t\t\t<div class=\"text-center\">\n\t\t\t\t\t<a href=\"#\" id=\"btCadastro\" class=\"btn btn-default\">Cadastrar-se<\/a>\n\t\t\t\t<\/div>\n\t\t\t<\/form>\n\n\t\t<\/div>\n\t<\/div>\n<\/div>\n\n<div id=\"divCadastro\" class=\"cadastro\">\n\t<div class=\"container\">\n\n\t\t\t\t\t<script>\n\t\t\t\tvar subject = 'AMPERJ%20-%20Pedido de cadastro';\n\t\t\t<\/script>\n\t\t\t<div class=\"row\">\n\t\t\t\t<div class=\"col-md-12\">\n\t\t\t\t\t<div class=\"titulo\">\n\t\t\t\t\t\t<h1>Cadastro de associado da AMPERJ<\/h1>\n\t\t\t\t\t<\/div>\n\t\t\t\t<\/div>\n\t\t\t<\/div>\n\t\t\n\t\t<div class=\"row\">\n\t\t\t<div class=\"col-md-12\">\n\t\t\t\t<div class=\"dnnFormMessage dnnFormInfo\">\n\t\t\t\t\t<span id=\"dnn_ctr759_Register_userHelpLabel\">\n\t\t\t\t\t\tPor seguran\u00e7a o cadastro ser\u00e1 validado pelo setor de inform\u00e1tica da Amperj. Ap\u00f3s submeter o formul\u00e1rio, o administrador ser\u00e1 notificado para a libera\u00e7\u00e3o do acesso.<br>\n\t\t\t\t\t\t<br>\n\t\t\t\t\t\tOs campos marcados com um asterisco vermelho s\u00e3o obrigat\u00f3rios.<br>\n\t\t\t\t\t\t<br>\n\t\t\t\t\t\tAp\u00f3s clicar em \u201cenviar\u201d aguarde alguns segundos at\u00e9 que a mensagem de sucesso seja exibida.\n\t\t\t\t\t<\/span>\n\t\t\t\t<\/div>\n\t\t\t<\/div>\n\t\t<\/div>\n\t\t<div class=\"row\">\n\t\t\t<div class=\"col-md-offset-2 col-md-8 col-xs-12\">\n\t\t\t\t<div class=\"alert alert-danger\" id=\"cadastro-error\" style=\"display: none; text-align: left;\"><\/div>\n\t\t\t\t<div class=\"alert alert-success\" id=\"cadastro-success\" style=\"display: none; text-align: left;\"><\/div>\n\t\t\t<\/div>\n\t\t<\/div>\n\t\t<div class=\"row\">\n\t\t\t<div class=\"col-md-offset-2 col-md-2 col-xs-12 cadastro-label\">\n\t\t\t\t<label>CPF: <span>*<\/span><\/label>\n\t\t\t<\/div>\n\t\t\t<div class=\"col-md-5 col-xs-12\">\n\t\t\t\t<input id=\"CPF\" name=\"CPF\" required=\"\" type=\"text\" class=\"form-control\" \/>\n\t\t\t<\/div>\n\t\t\t<div class=\"col-md-12 col-xs-12 cadastro-erro\" style=\"display: none\">\n\n\t\t\t<\/div>\n\t\t<\/div>\n\t\t<!--<div class=\"row\">\n\t\t\t<div class=\"col-md-offset-2 col-md-2 col-xs-12 cadastro-label\">\n\t\t\t\t<label>Senha: <span>*<\/span><\/label>\n\t\t\t<\/div>\n\t\t\t<div class=\"col-md-5 col-xs-12\">\n\t\t\t\t<input id=\"senha\" name=\"senha\" required=\"\" type=\"password\" class=\"form-control\" \/>\t\t\t\t\n\t\t\t<\/div>\n\t\t<\/div>\n\t\t<div class=\"row\">\n\t\t\t<div class=\"col-md-offset-2 col-md-2 col-xs-12 cadastro-label\">\n\t\t\t\t<label>Confirma\u00e7\u00e3o de senha: <span>*<\/span><\/label>\n\t\t\t<\/div>\n\t\t\t<div class=\"col-md-5 col-xs-12\">\n\t\t\t\t<input id=\"confirma_senha\" name=\"confirma_senha\" required=\"\" type=\"password\" class=\"form-control\" \/>\t\t\t\t\n\t\t\t<\/div>\n\t\t<\/div>-->\n\t\t<div class=\"row\">\n\t\t\t<div class=\"col-md-offset-2 col-md-2 col-xs-12 cadastro-label\">\n\t\t\t\t<label>Nome: <span>*<\/span><\/label>\n\t\t\t<\/div>\n\t\t\t<div class=\"col-md-5 col-xs-12\">\n\t\t\t\t<input id=\"nome\" name=\"nome\" required=\"\" type=\"text\" class=\"form-control\" \/>\n\t\t\t<\/div>\n\t\t<\/div>\n\t\t<div class=\"row\">\n\t\t\t<div class=\"col-md-offset-2 col-md-2 col-xs-12 cadastro-label\">\n\t\t\t\t<label>E-mail: <span>*<\/span><\/label>\n\t\t\t<\/div>\n\t\t\t<div class=\"col-md-5 col-xs-12\">\n\t\t\t\t<input id=\"email\" name=\"email\" required=\"\" type=\"text\" class=\"form-control\" \/>\n\t\t\t<\/div>\n\t\t<\/div>\n\t\t<div class=\"row\">\n\t\t\t<div class=\"col-md-12 col-xs-12 text-center\">\n\t\t\t\t<input type=\"submit\" id=\"enviaEmail\" value=\"Enviar\" class=\"btn btn-default btn-lg\" \/>\n\t\t\t\t<input type=\"button\" id=\"cadastroCancelar\" value=\"Cancelar\" class=\"btn btn-default btn-lg\" \/>\n\t\t\t<\/div>\n\t\t<\/div>\n\t\t<div class=\"row\">\n\t\t\t<div class=\"col-md-6 col-md-offset-3\">\n\t\t\t\t<div class=\"alert alert-success\" id=\"fale-result\" style=\"display: none; text-align: center;\">Cadastro enviado com sucesso!<\/div>\n\t\t\t\t<div class=\"alert alert-danger\" id=\"fale-result-error\" style=\"display: none; text-align: center;\">Infelizmente n\u00e3o foi poss\u00edvel enviar seu cadastro, tente novamente mais tarde!<\/div>\n\t\t\t<\/div>\n\t\t<\/div>\n\t<\/div>\n<\/div>\n\n<script type=\"text\/javascript\" src=\"\/wp-content\/plugins\/theme-my-login\/jquery.mask.js\"><\/script>\n\n<script type=\"text\/javascript\">\n\tvar showLoading = function() {\n\t\t$panel = jQuery(\".tml-login\");\n\t\tvar loading = jQuery(\"<div style=\\\"background: url('\/wp-content\/themes\/INTRANET\/assets\/images\/loading.gif') no-repeat scroll center center #F1F3F6; position: absolute; z-index: 9999; opacity: 0.7;\\\"><\/div>\");\n\t\tloading.css({\n\t\t\twidth: $panel.width(),\n\t\t\theight: $panel.height()\n\t\t});\n\t\t$panel.prepend(loading);\n\t};\n\n\tjQuery(function() {\n\n\t\tjQuery('form').on('submit', function() {\n\t\t\tshowLoading();\n\t\t});\n\n\t\tjQuery('.error a').hide();\n\n\t\tjQuery('.cpf').mask('000.000.000-00', {\n\t\t\treverse: true\n\t\t});\n\n\t\tjQuery('#primary-menu').hide();\n\t\tjQuery('.header-top-area').hide();\n\t\tjQuery('.slicknav_menu').hide();\n\n\t\tjQuery('#btCadastro').on('click', function(e) {\n\t\t\te.preventDefault();\n\t\t\tjQuery('#divLogin').hide();\n\t\t\tjQuery('#divCadastro').show();\n\t\t});\n\n\t\tjQuery('#cadastroCancelar').on('click', function(e) {\n\t\t\te.preventDefault();\n\t\t\tjQuery('#divCadastro').hide();\n\t\t\tjQuery('#divLogin').show();\n\t\t});\n\n\t\tjQuery(\"#enviaEmail\").click(function(e) {\n\t\t\te.preventDefault();\n\t\t\tjQuery(\"#fale-result\").hide();\n\t\t\tjQuery(\"#fale-result-error\").hide();\n\t\t\tjQuery('#cadastro-error').hide();\n\t\t\tif (checkValidity()) {\n\t\t\t\tjQuery(\"#enviaEmail\").prop(\"disabled\", true);\n\t\t\t\tjQuery.ajax({\n\t\t\t\t\turl: 'https:\/\/amperj.org.br\/intranet\/wp-json\/amperj\/v1\/sendmail?subject=' + subject,\n\t\t\t\t\ttype: 'post',\n\t\t\t\t\tdataType: 'json',\n\t\t\t\t\tdata: {\n\t\t\t\t\t\tNome: jQuery(\"#nome\").val(),\n\t\t\t\t\t\tEmail: jQuery(\"#email\").val(),\n\t\t\t\t\t\tCPF: jQuery(\"#CPF\").val()\n\t\t\t\t\t\t\/\/Senha: jQuery(\"#senha\").val(),\n\t\t\t\t\t}\n\t\t\t\t}).done(function(data) {\n\t\t\t\t\tconsole.log('done ', data);\n\n\t\t\t\t\tjQuery(\"#fale-result\").show();\n\t\t\t\t\tjQuery(\"#nome\").val(\"\");\n\t\t\t\t\tjQuery(\"#email\").val(\"\");\n\t\t\t\t\tjQuery(\"#CPF\").val(\"\");\n\t\t\t\t\t\/\/jQuery(\"#senha\").val(\"\");\n\t\t\t\t\tjQuery(\"#confirma_senha\").val(\"\");\n\t\t\t\t\tjQuery(\"#enviaEmail\").prop(\"disabled\", false);\n\n\t\t\t\t}).fail(function(jqXHR, textStatus) {\n\t\t\t\t\tconsole.log('fail ', jqXHR, textStatus);\n\t\t\t\t\tjQuery(\"#fale-result-error\").show();\n\t\t\t\t\tjQuery(\"#enviaEmail\").prop(\"disabled\", false);\n\n\t\t\t\t});\n\t\t\t}\n\t\t});\n\t});\n\n\tfunction checkValidity() {\n\t\tvar str = \"\";\n\t\tif (jQuery('#CPF').val() == '') {\n\t\t\tstr += \"- Preencha o CPF<br \/>\"\n\t\t}\n\t\tif (!TestaCPF(jQuery('#CPF').val())) {\n\t\t\tstr += \"- Preencha com um CPF v\u00e1lido<br \/>\"\n\t\t}\n\t\t\/*if (jQuery('#senha').val() == '') {\n\t\t\tstr += \"- Preencha a Senha<br \/>\"\n\t\t}\n\t\tif (jQuery('#senha').val().length < 6) {\n\t\t\tstr += \"- Senha deve ter pelo menos 6 caracteres<br \/>\"\n\t\t}\n\t\tif (jQuery('#confirma_senha').val() == '') {\n\t\t\tstr += \"- Preencha a Confirma\u00e7\u00e3o de Senha<br \/>\"\n\t\t}\n\t\tif (jQuery('#senha').val() != jQuery('#confirma_senha').val()) {\n\t\t\tstr += \"- A senha deve ser igual a Confirma\u00e7\u00e3o de Senha<br \/>\"\n\t\t}*\/\n\t\tif (jQuery('#nome').val() == '') {\n\t\t\tstr += \"- Preencha o nome<br \/>\"\n\t\t}\n\t\tif (jQuery('#email').val() == '') {\n\t\t\tstr += \"- Preencha e-mail<br \/>\"\n\t\t}\n\t\tif (!TestaEmail(jQuery('#email').val())) {\n\t\t\tstr += \"- Preencha com um e-mail v\u00e1lido<br \/>\"\n\t\t}\n\n\t\tif (str == \"\") {\n\t\t\treturn true;\n\t\t} else {\n\t\t\tjQuery('#cadastro-error').html(str);\n\t\t\tjQuery('#cadastro-error').show();\n\t\t\tjQuery(\"#enviaEmail\").prop(\"disabled\", false);\n\t\t\treturn false\n\t\t}\n\n\t}\n\n\tfunction TestaCPF(strCPF) {\n\t\tvar Soma;\n\t\tvar Resto;\n\t\tSoma = 0;\n\t\tif (strCPF == \"00000000000\") return false;\n\n\t\tfor (i = 1; i <= 9; i++) Soma = Soma + parseInt(strCPF.substring(i - 1, i)) * (11 - i);\n\t\tResto = (Soma * 10) % 11;\n\n\t\tif ((Resto == 10) || (Resto == 11)) Resto = 0;\n\t\tif (Resto != parseInt(strCPF.substring(9, 10))) return false;\n\n\t\tSoma = 0;\n\t\tfor (i = 1; i <= 10; i++) Soma = Soma + parseInt(strCPF.substring(i - 1, i)) * (12 - i);\n\t\tResto = (Soma * 10) % 11;\n\n\t\tif ((Resto == 10) || (Resto == 11)) Resto = 0;\n\t\tif (Resto != parseInt(strCPF.substring(10, 11))) return false;\n\t\treturn true;\n\t}\n\n\tfunction TestaEmail(email) {\n\t\tvar re = \/^(([^<>()\\[\\]\\\\.,;:\\s@\"]+(\\.[^<>()\\[\\]\\\\.,;:\\s@\"]+)*)|(\".+\"))@((\\[[0-9]{1,3}\\.[0-9]{1,3}\\.[0-9]{1,3}\\.[0-9]{1,3}\\])|(([a-zA-Z\\-0-9]+\\.)+[a-zA-Z]{2,}))$\/;\n\t\treturn re.test(email);\n\t}\n<\/script>\n\n<div class=\"gsp_post_data\" data-post_type=\"page\" data-cat=\"\" data-modified=\"120\" data-title=\"Login\" data-home=\"https:\/\/amperj.org.br\/intranet\"><\/div>","protected":false},"excerpt":{"rendered":"","protected":false},"author":1,"featured_media":0,"parent":0,"menu_order":0,"comment_status":"closed","ping_status":"closed","template":"","meta":{"_acf_changed":false,"footnotes":""},"class_list":["post-178","page","type-page","status-publish","hentry","wpautop"],"better_featured_image":null,"acf":{"conteudo_mobile":""},"content_details":{"rendered":""},"_links":{"self":[{"href":"https:\/\/amperj.org.br\/intranet\/wp-json\/wp\/v2\/pages\/178","targetHints":{"allow":["GET"]}}],"collection":[{"href":"https:\/\/amperj.org.br\/intranet\/wp-json\/wp\/v2\/pages"}],"about":[{"href":"https:\/\/amperj.org.br\/intranet\/wp-json\/wp\/v2\/types\/page"}],"author":[{"embeddable":true,"href":"https:\/\/amperj.org.br\/intranet\/wp-json\/wp\/v2\/users\/1"}],"replies":[{"embeddable":true,"href":"https:\/\/amperj.org.br\/intranet\/wp-json\/wp\/v2\/comments?post=178"}],"version-history":[{"count":3,"href":"https:\/\/amperj.org.br\/intranet\/wp-json\/wp\/v2\/pages\/178\/revisions"}],"predecessor-version":[{"id":7254,"href":"https:\/\/amperj.org.br\/intranet\/wp-json\/wp\/v2\/pages\/178\/revisions\/7254"}],"wp:attachment":[{"href":"https:\/\/amperj.org.br\/intranet\/wp-json\/wp\/v2\/media?parent=178"}],"curies":[{"name":"wp","href":"https:\/\/api.w.org\/{rel}","templated":true}]}}